{"version":"1.0","provider_name":"Blog geschenkidee.ch","provider_url":"https:\/\/www.geschenkidee.ch\/blog","author_name":"Nathalie Blaser","author_url":"https:\/\/www.geschenkidee.ch\/blog\/author\/nbl\/","title":"Fasnacht 2019 - Daten und Termine - Blog geschenkidee.ch","type":"rich","width":600,"height":338,"html":"<blockquote class=\"wp-embedded-content\"><a href=\"https:\/\/www.geschenkidee.ch\/blog\/fasnacht-2019-daten-und-termine\/\">Fasnacht 2019 &#8211; Daten und Termine<\/a><\/blockquote>\n<script type='text\/javascript'>\n<!--\/\/--><![CDATA[\/\/><!--\n\t\t\/*! This file is auto-generated *\/\n\t\t!function(c,d){\"use strict\";var e=!1,n=!1;if(d.querySelector)if(c.addEventListener)e=!0;if(c.wp=c.wp||{},!c.wp.receiveEmbedMessage)if(c.wp.receiveEmbedMessage=function(e){var t=e.data;if(t)if(t.secret||t.message||t.value)if(!\/[^a-zA-Z0-9]\/.test(t.secret)){for(var r,a,i,s=d.querySelectorAll('iframe[data-secret=\"'+t.secret+'\"]'),n=d.querySelectorAll('blockquote[data-secret=\"'+t.secret+'\"]'),o=0;o<n.length;o++)n[o].style.display=\"none\";for(o=0;o<s.length;o++)if(r=s[o],e.source===r.contentWindow){if(r.removeAttribute(\"style\"),\"height\"===t.message){if(1e3<(i=parseInt(t.value,10)))i=1e3;else if(~~i<200)i=200;r.height=i}if(\"link\"===t.message)if(a=d.createElement(\"a\"),i=d.createElement(\"a\"),a.href=r.getAttribute(\"src\"),i.href=t.value,i.host===a.host)if(d.activeElement===r)c.top.location.href=t.value}}},e)c.addEventListener(\"message\",c.wp.receiveEmbedMessage,!1),d.addEventListener(\"DOMContentLoaded\",t,!1),c.addEventListener(\"load\",t,!1);function t(){if(!n){n=!0;for(var e,t,r=-1!==navigator.appVersion.indexOf(\"MSIE 10\"),a=!!navigator.userAgent.match(\/Trident.*rv:11\\.\/),i=d.querySelectorAll(\"iframe.wp-embedded-content\"),s=0;s<i.length;s++){if(!(e=i[s]).getAttribute(\"data-secret\"))t=Math.random().toString(36).substr(2,10),e.src+=\"#?secret=\"+t,e.setAttribute(\"data-secret\",t);if(r||a)(t=e.cloneNode(!0)).removeAttribute(\"security\"),e.parentNode.replaceChild(t,e)}}}}(window,document);\n\/\/--><!]]>\n<\/script><iframe sandbox=\"allow-scripts\" security=\"restricted\" src=\"https:\/\/www.geschenkidee.ch\/blog\/fasnacht-2019-daten-und-termine\/embed\/\" width=\"600\" height=\"338\" title=\"&#8222;Fasnacht 2019 &#8211; Daten und Termine&#8220; &#8212; Blog geschenkidee.ch\" frameborder=\"0\" marginwidth=\"0\" marginheight=\"0\" scrolling=\"no\" class=\"wp-embedded-content\"><\/iframe>","thumbnail_url":"https:\/\/www.geschenkidee.ch\/blog\/wp-content\/uploads\/2019\/02\/carnival-2092819_1920.jpg","thumbnail_width":1920,"thumbnail_height":1280,"description":"Bald starten f\u00fcr viele Fasnachts-Fans wieder die sch\u00f6nsten drei Tage des Jahres. Ende Februar 2019 h\u00e4lt das bunte und wilde Treiben der Fasn\u00e4chtler in den ersten Gemeinden und Kantonen Einzug und verzaubert Klein und Gross. Den Startschuss zur diesj\u00e4hrigen Fasnachtszeit f\u00e4llt am 28. Februar 2019 unter anderem an folgenden Orten: Bellinzona, Bassersdorf, Luzern und Schwyz. [&hellip;]"}

Bald starten für viele Fasnachts-Fans wieder die schönsten drei Tage des Jahres. Ende Februar 2019 hält das bunte und wilde Treiben der Fasnächtler in den ersten Gemeinden und Kantonen Einzug und verzaubert Klein und Gross. Den Startschuss zur diesjährigen Fasnachtszeit fällt am 28. Februar 2019 unter anderem an folgenden Orten: Bellinzona, Bassersdorf, Luzern und Schwyz. [&hellip;]
